m(s) = 19*s + 37. Let v(l) = -9*l - 19. Let d(o) = -3*m(o) - 5*v(o). Let b be d(-2). What is the remainder when 35 is divided by (2/(-4)*b)/(-1) + 6?
5
Suppose 280 = -186*r + 194*r. What is the remainder when 113 is divided by r?
8
Let f(l) = -293*l - 1718. What is the remainder when 642 is divided by f(-8)?
16
Suppose -154*m - 109*m - 20*m = -27168. Calculate the remainder when 2303 is divided by m.
95
Let s(b) = -10*b**3 + 2*b**2 - b - 5. What is the remainder when 338 is divided by s(-2)?
83
Calculate the remainder when ((-120)/(-88))/5*1991 is divided by 26.
23
Let y(r) = -3*r**3 + 2*r**2 - 315*r - 1866. What is the remainder when y(-6) is divided by 241?
21
Let m = -3022 + 3061. What is the remainder when m is divided by 33?
6
Let w = 299 + -295. Suppose -4*i = -0*i + q - 497, -w*i = 5*q - 501. What is the remainder when i is divided by 7?
5
Let j(r) = -36*r**3 - 5*r**2 + 13 + 10*r**3 + 6*r + 10*r**3 + 14*r**3. Calculate the remainder when 44 is divided by j(-4).
7
Calculate the remainder when (-386)/1158*(-1 - 2300) is divided by 6.
5
Let s = -83 + 355. What is the remainder when 283 is divided by s?
11
Suppose 12*v + 19*v - 17*v = 3696. Calculate the remainder when v is divided by 135.
129
Suppose -98 - 190 = -4*q. Let x = 134 - q. Let u(w) = -w**3 - 28*w**2 - 150*w. Calculate the remainder when x is divided by u(-7).
20
Let x = 580 + -585. What is the remainder when 210 is divided by (107/x)/(1/(-5))?
103
Let h = 2640 + -2516. Calculate the remainder when 269 is divided by h.
21
Suppose -6*b + 4*b = s - 12, -4*s = 3*b - 28. Suppose 0 = b*l - 7*l + 12. Suppose l*w - 434 = -3*w. What is the remainder when w is divided by 17?
11
Suppose 39*k - 6827 = -80. Suppose -w - 4*i = 5, 4*w + 5*i = -w + 35. Calculate the remainder when k is divided by w.
8
Let m(w) = w**2 + 10*w + 6. What is the remainder when m(6) is divided by -6*((-120)/126 - (-6)/21)?
2
Let l = -130 + 133. Suppose l*t = -5*i + 6*t + 554, -3*i - t = -324. Calculate the remainder when i is divided by 8.
5
Let g = 8209 - 8104. What is the remainder when g is divided by 96?
9
Let p(o) = o**3 - 15*o**2 + 4*o - 164. Calculate the remainder when 1561 is divided by p(16).
1
Let j be 1 - (12/16)/(1/(-12)). Suppose -2*a = -3*h + 156, 4*a = -j - 2. Suppose -38 = -4*s + 14. What is the remainder when h is divided by s?
11
Let n(s) = 25*s**2 - 10*s + 38. Calculate the remainder when n(3) is divided by 8.
1
Let o be ((-2)/(-2))/((-1)/1). Let t(r) = 478*r - 940. What is the remainder when o/3 + 417/9 is divided by t(2)?
14
Suppose 0 = -2*b - f + 165, 2*f - 1 = -2*b + 163. Let g(z) = 3*z - 45. What is the remainder when b is divided by g(20)?
8
Let r = -44259 + 44628. Calculate the remainder when 1501 is divided by r.
25
Suppose 5*k = 15952 - 2912. What is the remainder when k is divided by 174?
172
Let k(g) = 2*g**2 - 908. What is the remainder when 2090 is divided by k(-23)?
140
Let v = -5014 - -5043. What is the remainder when 116 + (-1 - (1 - -1)) is divided by v?
26
Let m = 215 + -191. Let k(l) = -l**2 - 23*l - 16. Let c(w) = 3*w - 3. Let g be c(-3). Calculate the remainder when k(g) is divided by m.
20
Let s = 32 - 24. Let p(j) = -2*j**2 + 20*j - 7. Let i be p(s). Let r = -14 + i. What is the remainder when 75 is divided by r?
9
Let v(a) = 4*a - 56. Let w be v(25). Suppose -w*x + 270 = -302. Calculate the remainder when 973 is divided by x.
11
Suppose -17 + 491 = 10*q - 306. Calculate the remainder when 8109 is divided by q.
75
Suppose -2*p - 3*g = -435, -3*g = 26*p - 30*p + 897. Let w = p + -91. Calculate the remainder when w is divided by 45.
41
Let d(l) = 13*l**2 - 21*l + 27. What is the remainder when d(15) is divided by 22?
19
Let r(j) = 2*j**2 - 48*j + 204. What is the remainder when r(20) is divided by 13?
5
Let o(m) = -4505*m**2 - 5*m. Let l be o(1). Calculate the remainder when (-1)/(4/10 - (-1859)/l) is divided by 12.
10
Let n(u) = -8*u + 56. Let m be n(10). Let v be (142/(-2))/(4 + -5). Let k = m + v. Calculate the remainder when k is divided by 8.
7
Let t(f) = f**3 + 18*f**2 - 68*f - 66. Let a be t(-21). Calculate the remainder when (-26)/a*(-1989)/6 is divided by 53.
9
Suppose 72*j + 2040 = 87*j. What is the remainder when 355 is divided by j?
83
Let u be (1/2)/(1/10). Let l = 302 + -296. Suppose -u*j - 10 = -l*j. Calculate the remainder when j is divided by 2.
0
Let o be ((-3456)/162)/((1 - 0)/6). Calculate the remainder when (o/(-2))/(-4)*-10 is divided by 27.
25
Let o(q) = -273*q + 93. What is the remainder when o(0) is divided by 4?
1
Let h = -219 - -219. Suppose h = -13*d - 75 + 270. What is the remainder when 72 is divided by d?
12
Let j(t) = 14*t. Suppose 3 = -2*s + 2*y + 1, -8 = -4*y. Let x = -4170 - -4209. Calculate the remainder when x is divided by j(s).
11
Let u = -7175 + 7261. Let t = -7 - -11. Suppose 7*f - 5*f = t*q - u, 4*f - 127 = -5*q. What is the remainder when q is divided by 12?
11
What is the remainder when 2794 - (350/(-315))/(6/(-27)) is divided by 155?
154
Let r = 7896 + -7894. Calculate the remainder when 535 is divided by r.
1
Calculate the remainder when 2389 is divided by ((-294)/24 - -13) + (-132)/(-16).
4
Let t = -19 + 55. Let i(w) = w**3 + w**2 + 2*w + 5. Let q be i(-2). What is the remainder when (-858)/(-18)*(-9)/q is divided by t?
35
Calculate the remainder when 7/(-3)*(-2 - 7) is divided by (-2)/1 - (-4)/(8/18).
0
Suppose -181*w = -6060 - 6067. What is the remainder when 236 is divided by w?
35
Suppose -3*t + 5*x + 25 = 2*t, t + 2*x - 8 = 0. Suppose -39*o = -t*o - 429. What is the remainder when 388 is divided by o?
11
Let t(q) = q**3 + 17*q**2 - 73*q - 11. Let w be t(-22). Let b = w - -849. Calculate the remainder when 453 is divided by b.
21
Suppose -2*o - 3*f + 766 = 164, 3*o + 5*f - 903 = 0. Suppose -16*r = -9*r - o. What is the remainder when 85 is divided by r?
42
Suppose 34*k + 62*k - 2752 = 53*k. What is the remainder when 920 is divided by k?
24
Let p = 34 - 29. Suppose 0 = -4*z, 5*z - 188 = -7*l + p*l. What is the remainder when l is divided by 6?
4
Let t(l) = -3*l + 40. Let k = 0 + 2. Calculate the remainder when t(-1) is divided by (k/6)/(3/99).
10
Let b(g) = 50*g**2 - 14*g + 3. Let q be (-2)/3 + (-429)/(-117). Calculate the remainder when b(q) is divided by 133.
12
What is the remainder when ((-2)/4)/((-43)/688) - -386 is divided by 34?
20
Suppose -4*t + 13 = -23. Suppose -13*c + 14 = -3*l - t*c, 2*c - 18 = -4*l. What is the remainder when 21 is divided by l?
1
Let s(b) = 4*b**2 - 2*b + 4. Suppose -2*p = 3*p - 15. Suppose 5*r - 13 = 12. Calculate the remainder when s(p) is divided by r.
4
Suppose 24 = 21*a - 23*a - 4*q, -a + 9*q = -76. What is the remainder when 477 is divided by a?
1
Let f = -28 - -39. Let z = 91548 - 91539. What is the remainder when f is divided by z?
2
Let p(s) = -s**2 - 48*s - 47. Calculate the remainder when p(-35) is divided by 18.
12
Let m(u) = -3200*u - 131. What is the remainder when m(-1) is divided by 83?
81
Suppose -17*a = -1168 - 345. Let z = 93 + -64. Calculate the remainder when a is divided by z.
2
Let q(x) = 2*x - 5. Suppose 115*g - 1239 = 94*g. What is the remainder when g is divided by q(10)?
14
Let f(t) = -33*t - 63. Suppose -n = -2 + 5. Calculate the remainder when f(n) is divided by 23.
13
Let x be 1 - 184/(-4) - 4. Suppose x*y - 38*y = -315. Let m = y + 96. What is the remainder when m is divided by 19?
14
Suppose 60*y = 121*y - 5856. Calculate the remainder when 263 is divided by y.
71
What is the remainder when 288/312*(-38740)/(-30) is divided by 395?
7
Let d = -412 + 405. Calculate the remainder when ((-2)/3)/((-2)/318) is divided by -3*(d + 16)*-1.
25
Suppose -3*o - 6 = m - 5, -m + 3 = -o. Calculate the remainder when 348 is divided by 238/(-102)*(30/m)/(-1).
33
Suppose 8*r = 7 + 17. Suppose 121 = -2*m - 5*n, -m - 2*m - 195 = r*n. Let g = -25 - m. What is the remainder when g is divided by 24?
19
Let o = 4 - -29. Let b(a) = -2. Let n(h) = 2*h + 37. Let g(p) = 6*b(p) + n(p). Calculate the remainder when g(20) is divided by o.
32
Suppose -95 = -35*v + 465. Calculate the remainder when 48 is divided by v.
0
Suppose 0 = -10*y + 47 + 43. Calculate the remainder when 24/5*((-26)/(-2) + -8) is divided by y.
6
Suppose -5*z = -b - 12 - 11, 2*b - 5*z + 21 = 0. What is the remainder when